 3*i + 1. What is u(h)?
-5
Let b(k) = -2*k. Suppose 5*h - 59 = -29. Determine b(h).
-12
Let m(p) be the first derivative of p**3/3 - 4*p**2 + 2*p + 1. Let d be m(8). Let s(y) = -y - y**2 + d*y - 2*y. What is s(-3)?
-6
Let o(d) = d**2 + d - 1. Let m(v) = 3*v**2 - 1. Let n(a) = m(a) - 4*o(a). Let b = -5 - -1. Determine n(b).
3
Let o = 9 - 5. Suppose r - y - 2 = -1, y + 13 = o*r. Let h(v) = v**3 - 5*v**2 + 2*v. Give h(r).
-8
Let n(o) be the second derivative of -5/12*o**4 + 5/2*o**2 - 7/6*o**3 + 1/20*o**5 + 0 - 4*o. What is n(6)?
-1
Let n(c) = -c + 3. Let l(r) = 2. Let z(d) = 6*l(d) - 2*n(d). Calculate z(-5).
-4
Let x(j) be the first derivative of -j**3/3 + 2*j**2 + 7*j + 39. Give x(6).
-5
Let f(y) = 2*y**2 + 3 + 23*y - 5*y**2 - 19*y + 5*y**3 - 6*y**3. Calculate f(-4).
3
Let m(k) be the first derivative of k**4/2 + 2*k**3/3 + k**2/2 + 6. Give m(-1).
-1
Let k(j) be the third derivative of -j**7/1008 - j**6/720 - j**5/60 - j**2. Let f(o) be the third derivative of k(o). Suppose -g + 3 = 5. Calculate f(g).
9
Suppose -5 = 3*n - 4*n. Let m be ((-32)/40)/(1/(-5)). Let k(y) = m*y + 7 + 38*y**2 - 39*y**2 + 0*y. What is k(n)?
2
Let x(m) = m**3 + 7*m**2 + 5*m + 1. Suppose -6*i = -3*i - 147. Suppose -y = 2*r - 5*y + 32, 5*y - i = 4*r. Determine x(r).
7
Let v(k) = -2*k**2 - k + 1. Suppose 20 = -0*r + 5*r. Suppose -8*b + 8 = -r*b. What is v(b)?
-9
Let q(a) be the second derivative of -1/360*a**6 + 2*a + 0 + 1/6*a**4 + 0*a**2 + 0*a**3 + 0*a**5. Let f(m) be the third derivative of q(m). Determine f(-1).
2
Let l be 12/8*1*18. Let f = l - 23. Let m(n) = -n**3 + 5*n**2 - n - 5. Determine m(f).
7
Let n(l) = l**2. Suppose -g + 6*g = 0. Suppose g = -4*z - z + 50. Suppose -4*y + 4 + 6 = -p, 4*p + z = y. Determine n(y).
4
Let k(r) = r - 13. Let y(d) = 3*d - 38. Let i(g) = 17*k(g) - 6*y(g). Let z(l) = -l + 1. Let s be z(1). Determine i(s).
7
Let q = 8 + -8. Let h(z) = z**2 + 5. Determine h(q).
5
Let a(l) be the second derivative of l**3/6 - 3*l**2/2 - l. Let k be (0 + 0)/(3/3). Suppose 0*b + b = k. Give a(b).
-3
Suppose 0*b - 3*b - 3 = 0. Let u(w) be the first derivative of -w**2 - w + 9. Give u(b).
1
Let t(c) = c**3 - 5*c**2 + 6*c - 6. Let q be t(4). Let u(y) = -y. Determine u(q).
-2
Let r be (-8)/(-5) - 2/(-5). Let a(d) = -3*d**r - d**3 + d**2 - 5 + 7. Suppose 7*q - 11*q = 8. Give a(q).
2
Let j(g) = g**2 - 14. Suppose 0 = -4*h + 3*h. Calculate j(h).
-14
Let u(i) = i**3 + 4*i**2 + 2*i + 1. Let m be (2/3)/((-1)/(-9)). Suppose 2*a - 5*a + m = 0. Suppose a*b - 1 = -7. Determine u(b).
4
Let f(l) = -3*l - 3. Let r be 3/(-3)*-6*-2. Let y = r - -23. Let s be 2/y - 24/11. Determine f(s).
3
Let f(r) = -20*r - 24. Let y(i) = -7*i - 8. Let m = 18 + -4. Let x(t) = m*y(t) - 5*f(t). Let d(l) = -l**3 - 5*l**2 - 3*l + 3. Let b be d(-3). Calculate x(b).
-4
Let o(b) be the second derivative of -2/3*b**3 - b**2 - 1/20*b**5 - 1/2*b**4 + 4*b + 0. Give o(-5).
-7
Let m(w) = -1 - w - 12*w + 2. Determine m(1).
-12
Let a(u) = u**2 + 2*u. Let z(t) = -t**2 - t. Let f(s) = 3*a(s) + 6*z(s). Let o = -5 - -3. Calculate f(o).
-12
Let f(t) = -2*t + 2. Suppose -7*u - 4 = -46. Calculate f(u).
-10
Let v(i) = -i**2 + 4*i - 3. Suppose 2*p + 2*p = 20. Suppose 14 = z + p*l + 4, -3*l = -9. Let m = -2 - z. What is v(m)?
0
Let b(f) = f**2 - 4*f + 3. Suppose -4 = -11*t + 9*t. What is b(t)?
-1
Let t(b) = -18*b + 9. Let f(d) = -8*d + 4. Let r(k) = -14*f(k) + 6*t(k). Suppose -4*s - 15 = -3. What is r(s)?
-14
Let m = 30 - 26. Let y(j) = -j - 4. Give y(m).
-8
Suppose 4*n + 5 - 16 = 3*z, -2*n + 10 = 0. Let c(k) = -k - 1 - 1 + 4. Give c(z).
-1
Let z = 23 - 19. Let f(x) be the second derivative of x**2 + 3*x + 1/12*x**z + 0 + 1/3*x**3. Determine f(-3).
5
Suppose -21 = -0*f + 7*f. Let q(t) = -t - 3. Determine q(f).
0
Let c(q) = -q**3 - 7*q**2 - 9*q - 1. Let n be ((-25)/(-14) - 8/28)*-4. Calculate c(n).
17
Let x = 2 - 0. Let c(f) = -4*f + 0*f - f + 4*f. Determine c(x).
-2
Let r(b) be the first derivative of -b**2 - 1. Give r(-6).
12
Let q(y) = -2*y - 3. Let m be 66/12 + 2/(-4). Let u = m - 5. Suppose -2*f + f - 2 = u. Calculate q(f).
1
Let t = 9 - 12. Suppose 3*i - i - 8 = 0. Let d(c) = 0 - 1 + i*c - 3*c. What is d(t)?
-4
Let j(c) = c**2 - 16*c - 34. Let y be j(18). Let o(g) = -2*g**2 - g + 3*g - 2 + 0 + g**3. Calculate o(y).
2
Let k(w) = w**2 + 5*w. Suppose 12*h = 17*h + 15. Give k(h).
-6
Let o(l) = -2*l - 3. Let r(q) = -q**3 - 7*q**2 - 7*q - 8. Let v be r(-6). What is o(v)?
1
Let u(g) be the third derivative of -g**4/24 - g**3/3 + 7*g**2. Let j(n) = n + 2. Let b be j(-7). Calculate u(b).
3
Let l be (-55)/22*4/(-5). Let n(a) = -l*a - a - a. Determine n(-1).
4
Let s(b) = 3*b**2 + 7*b + 3. Let n(y) = -2*y**2 - 3*y - 1. Let w(t) = -7*n(t) - 3*s(t). What is w(2)?
18
Let a = 12 + -6. Suppose 2*m - 5 = -5*z, -a = z + 2*m - 3*m. Let o(i) = -8*i + 3*i**2 - 1 + 0*i + 8*i. Determine o(z).
2
Let z(o) be the second derivative of 0 + 0*o**2 - 1/2*o**3 - 3*o. What is z(2)?
-6
Suppose u - 4*u + 15 = 0. Suppose u*g + 6 = -9. Let y(n) = -n**2 - 6*n - 2. What is y(g)?
7
Suppose -7*z = -2*z - 5. Suppose -5*g = 3*w - 22, 12 = -g - 3*g + 5*w. Let x(i) = -g*i - 4 + 3 + 0*i. Give x(z).
-3
Let b(n) = n**2 + 2*n - 3. Let j be (-20)/6*3/(-2). Suppose 3 = -c - 4*h, -c + j*c + h + 12 = 0. Determine b(c).
0
Let j be ((-4)/5)/((-2)/(-10)). Let m = 10 + -4. Let s(u) = -2*u**2 + 3*u**2 - 5*u**3 - 5*u + 2 - m*u**2 + 4*u**3. Calculate s(j).
6
Let v(u) = 2 + 8*u - 2*u**2 + 1 + u**2 + 2. Give v(8).
5
Suppose 5*j = 5*g + 35, 2*j - g = 2*g + 19. Let u(s) = 2*s**2 - s - 2*s + 5*s. Give u(j).
12
Let j(w) = w + 2. Let h be j(-5). Let a be (-2 - 0)*h/2. Let n(q) = 4*q - 4*q**2 + 6 - 2 - a + q**3. What is n(3)?
4
Let l(n) = n. Suppose -2*b - 3*b = 4*z + 28, -4*b - 4*z - 24 = 0. Let g be 10/b*(-2)/1. Suppose 0 = -g*j + 6 + 4. Determine l(j).
2
Suppose -17 = -x - 18. Let i(w) = -3*w**3 - 2*w - 1. Give i(x).
4
Let t(s) = -s**3 + s**2 + s + 1. Suppose -20 = 6*w - 2*w. Let r(f) = 6*f**3 - 3*f**2 - 9*f - 8. Let i(a) = w*t(a) - r(a). Suppose -2*p + 5*p = -6. Give i(p).
-5
Let d(o) be the third derivative of -o**5/60 + o**4/12 - 2*o**3/3 + 2*o**2. Let j(n) = n**3 - 7*n**2 + 6*n + 3. Let s be j(6). Calculate d(s).
-7
Let q(n) be the first derivative of n**4/4 + 8*n**3/3 + 4*n**2 - 3*n + 18. Give q(-7).
-10
Let q(v) = -5*v + 3*v - 8 + v. Let l be (14/(-35))/((-1)/(-15)). Let m = 1 + l. Calculate q(m).
-3
Suppose -t + 6 = 2*t. Let s(m) = 19*m**3 + 0 + m**t - 1 - 18*m**3. What is s(-1)?
-1
Let n(t) = -6 - 5 - 3*t**2 + 2*t**2. Let y be 2/4 + (-1)/2. Let o be y*(-1)/2*-2. What is n(o)?
-11
Let p = 73 - 69. Let c(k) = k - 1. What is c(p)?
3
Let j(r) = r. Let p(n) = -1. Let b(d) = -j(d) + 4*p(d). Give b(0).
-4
Suppose -2*l = -4*w - 4*l - 30, -4*w = 3*l + 35. Let m = 0 - w. Let h(k) = -k + k - k + 0. What is h(m)?
-5
Let z(n) = n**2. Let g(t) = t**3 - t**2 + 3*t. Let i(p) = g(p) + 3*z(p). Let w(r) = -r**3 - 4*r**2 - 4*r - 2. Let l be w(-2). Determine i(l).
-6
Let i = 19 - 16. Let h(m) be the first derivative of -m - 1/4*m**4 - m**2 + m**i + 1. What is h(2)?
-1
Let q(u) be the third derivative of 3/2*u**3 - 1/24*u**4 + 0 + 0*u + 6*u**2. Determine q(7).
2
Let l(p) = -p**3 - 2*p**2 - 3*p + 3. Let k(a) = -2*a**3 - 3*a**2 - 6*a + 6. Let u(x) = 3*k(x) - 5*l(x). Calculate u(2).
-7
Let p(a) be the third derivative of a**5/60 + a**4/12 + 2*a**3/3 + 9*a**2. Calculate p(-3).
7
Let s(w) = -3*w**3 + w**2 + w + 1. Let o be s(-1). Let h(j) = j**3 - 2*j**2 - 4*j - 4. Give h(o).
12
Let f(p) be the first derivative of -5*p + 1/3*p**3 - 2 + 2*p**2. Determine f(-5).
0
Suppose 5*q - 3*q + i = -7, -27 = 2*q + 5*i. Let v(n) = -31*n + 3*n**2 - 1 + 12*n + 17*n. Determine v(q).
4
Let o(p) = -p**2 + 3*p + 1. Let d be o(5). Let l = -14 - d. Let w(s) = 7 - 12*s + 4*s + 10*s. Give w(l).
-3
Let v = -17 + 18. Let s(b) = 5*b + 1. Determine s(v).
6
Suppose -2*a - 4*j - 12 = 0, 3*a + 3*j + 9 = -15. Let o = -16 - a. Let y(g) = -g - 7. What is y(o)?
-1
Suppose 11*d = -15*d + 104. Suppose -5 = -3*b + 7. Let h(l) = -2*l - b - 4*l**2 + 4*l + 3*l**2. Give h(d).
-12
Let u(m) be the second derivative of -m**4/6 - m**3 - m**2/2 - 24*m. Determine u(-4).
-9
Let d be 21/(-6) + (-2)/(-4). Let b = -8 - d. Let t(q) = -3 - 2 + 3 - 2*q - 1. Determine t(b).
7
Let g = -145 + 142. Let w(s) = -s**3 - 2*s**2 + 3*s - 1. What is w(g)